isor of 45306779 and 2387?
217
What is the greatest common divisor of 104 and 40036906?
26
What is the highest common divisor of 838418 and 574?
14
Calculate the highest common factor of 8968740 and 28890.
3210
What is the highest common divisor of 68660286 and 1164?
582
Calculate the highest common factor of 2214 and 39248316.
738
What is the greatest common factor of 1477557023 and 17?
17
Calculate the greatest common divisor of 11584648 and 8.
8
Calculate the highest common divisor of 292816 and 1984.
16
Calculate the greatest common factor of 13077845 and 4334.
2167
What is the highest common factor of 1428311 and 2?
1
Calculate the highest common divisor of 196 and 11874184.
28
What is the greatest common factor of 2218473 and 162?
9
What is the greatest common factor of 2851012 and 3368?
1684
Calculate the greatest common factor of 140101 and 85387.
829
What is the greatest common factor of 15071 and 70?
7
What is the highest common divisor of 851543 and 4928?
77
What is the highest common divisor of 54 and 335790954?
54
Calculate the greatest common factor of 131955 and 918270.
285
Calculate the greatest common factor of 18 and 20999392.
2
Calculate the greatest common divisor of 7329900 and 314025.
3975
What is the highest common divisor of 98 and 324928751?
49
Calculate the highest common divisor of 78 and 4180137.
39
What is the greatest common factor of 181991 and 101743?
1433
What is the highest common factor of 375305 and 280?
35
What is the highest common factor of 148375 and 347791?
1187
Calculate the highest common divisor of 1301297492 and 11.
11
Calculate the greatest common factor of 7060552 and 12616.
152
Calculate the highest common divisor of 16 and 1240797592.
8
Calculate the greatest common factor of 2172016 and 11841456.
7216
Calculate the greatest common factor of 56820 and 36780.
60
What is the greatest common factor of 85756 and 30964?
4
Calculate the greatest common factor of 2565 and 3972375.
135
Calculate the highest common factor of 10657343 and 219.
73
Calculate the highest common factor of 3196 and 1197936.
188
What is the greatest common factor of 24642 and 27342?
18
What is the highest common factor of 2924 and 104229635?
731
Calculate the highest common factor of 5295 and 10496455.
1765
What is the greatest common factor of 24 and 120130152?
24
Calculate the highest common divisor of 13858 and 8280852.
82
What is the highest common factor of 200 and 399822800?
200
What is the highest common factor of 6776 and 15904?
56
Calculate the highest common factor of 2726 and 2590541.
29
Calculate the greatest common divisor of 73 and 6627889.
73
What is the highest common divisor of 3152 and 3460699?
197
Calculate the highest common factor of 5048 and 152248.
8
Calculate the highest common divisor of 714710 and 80.
10
What is the greatest common divisor of 492382284 and 369?
123
What is the highest common factor of 6354 and 16337466?
18
What is the highest common divisor of 856819 and 2369?
23
Calculate the highest common divisor of 1856540 and 756920.
2980
What is the highest common factor of 649247 and 150773?
3077
Calculate the highest common factor of 299932 and 115393.
449
Calculate the highest common factor of 1106755 and 6825.
65
Calculate the highest common factor of 31683 and 889956.
177
What is the greatest common factor of 7249 and 11423765?
659
What is the highest common factor of 14139912 and 24?
24
Calculate the highest common factor of 20850270 and 36944.
4618
What is the highest common divisor of 270613982 and 565?
113
Calculate the greatest common divisor of 176 and 905349896.
88
What is the greatest common factor of 5530 and 187810?
70
What is the highest common factor of 1430 and 58445816?
286
Calculate the highest common factor of 238923 and 54.
27
What is the highest common factor of 6 and 31334799?
3
Calculate the greatest common factor of 4617625 and 6715.
85
What is the greatest common factor of 41531 and 532406?
119
What is the greatest common divisor of 4438 and 110579?
7
What is the greatest common factor of 16 and 760139936?
16
Calculate the greatest common factor of 78647688 and 292572.
10836
Calculate the greatest common divisor of 14601941 and 20999.
1909
Calculate the greatest common factor of 42 and 2232566.
14
What is the highest common factor of 7675 and 91359823?
307
Calculate the greatest common factor of 3454940 and 8172.
908
What is the greatest common factor of 41914918 and 174?
58
Calculate the highest common divisor of 1329114 and 9879.
111
Calculate the highest common factor of 22197 and 367987.
151
Calculate the greatest common divisor of 5430 and 2258337.
543
Calculate the highest common divisor of 425222 and 15351382.
8678
Calculate the highest common factor of 385288 and 26452.
68
What is the greatest common factor of 234141 and 132600?
51
Calculate the greatest common divisor of 1275 and 1238175.
75
What is the greatest common divisor of 227 and 117133816?
227
Calculate the highest common factor of 992 and 156581.
31
Calculate the highest common factor of 482488553 and 2155.
431
Calculate the highest common divisor of 83613514 and 238.
34
What is the greatest common divisor of 1478383134 and 3678?
3678
Calculate the highest common divisor of 19386 and 1148688.
54
What is the greatest common divisor of 20215742 and 1211?
173
What is the highest common divisor of 272 and 372658904?
136
Calculate the greatest common factor of 431390 and 16862770.
2410
Calculate the greatest common factor of 8164740 and 1025.
205
Calculate the highest common divisor of 18107495 and 11626.
5813
Calculate the greatest common factor of 4382 and 296762186.
4382
Calculate the highest common factor of 263056 and 733429.
401
Calculate the greatest common factor of 82093594 and 308.
22
What is the greatest common factor of 170883 and 2575903?
6329
What is the greatest common divisor of 11410 and 275100805?
5705
Calculate the highest common factor of 100577 and 30407.
2339
Calculate the highest common factor of 14 and 325202.
2
Calculate the greatest common factor of 28685301 and 207.
69
Calculate the greatest common divisor of 15574050 and 3816.
954
Calculate the highest common factor of 15 and 11841135.
15
Calculate the highest common divisor of 297 and 388553.
11
What is the highest common divisor of 197483439 and 2524?
631
What is the greatest common divisor of 297 and 2519121?
33
Calculate the greatest common factor of 222 and 6460422.
222
Calculate the greatest common divisor of 1544610 and 4200.
30
Calculate the greatest common factor of 1230141 and 33627.
33
What is the highest common divisor of 38656669 and 1079?
83
Calculate the greatest common factor of 177745 and 14064307.
1871
Calculate the greatest common factor of 18 and 11161836.
18
Calculate the highest common divisor of 369 and 767283.
3
Calculate the highest common factor of 1 and 10562378.
1
What is the greatest common factor of 193849266 and 204?
102
Calculate the greatest common divisor of 407 and 29074859.
407
Calculate the greatest common divisor of 36694 and 2019262.
14
Calculate the highest common divisor of 272 and 799133144.
136
What is the highest common factor of 204110 and 270?
10
Calculate the greatest common divisor of 739886 and 9184.
574
What is the greatest common factor of 1418 and 159344914?
1418
Calculate the greatest common divisor of 798 and 335706.
42
Calculate the greatest common divisor of 6854 and 189106.
46
What is the greatest common divisor of 955 and 42015416?
191
What is the highest common divisor of 48 and 4585404?
12
What is the highest common factor of 370361 and 142093?
383
What is the highest common divisor of 100 and 44724660?
20
What is the greatest common factor of 107 and 14921257?
107
What is the greatest common factor of 3700 and 1045028?
148
What is the highest common divisor of 15000160 and 2832?
944
Calculate the highest common factor of 2548795 and 2555.
365
What is the greatest common divisor of 26 and 26302?
2
Calculate the greatest common factor of 3563 and 27486.
509
Calculate the highest common factor of 34063 and 350888.
23
What is the highest common factor of 846380 and 1254905?
2095
What is the highest common factor of 7029 and 9301?
71
What is the highest common divisor 